{"id":227,"date":"2016-01-25T07:42:58","date_gmt":"2016-01-25T07:42:58","guid":{"rendered":"http:\/\/www.banik-havirov.cz\/?page_id=227"},"modified":"2018-10-22T09:40:22","modified_gmt":"2018-10-22T09:40:22","slug":"sach","status":"publish","type":"page","link":"http:\/\/www.banik-havirov.cz\/?page_id=227","title":{"rendered":"\u0160ach"},"content":{"rendered":"<p><span style=\"font-size: 18px;\"><strong>&#8222;A&#8220; dru\u017estvo na\u0161eho odd\u00edlu bude hr\u00e1t v sez\u00f3n\u011b 2018 &#8211; 2019 2. ligu &#8211; sk. &#8222;F&#8220;<br \/>\n<\/strong><\/span><\/p>\n<p><span style=\"font-size: 16px;\"><strong>&#8222;B&#8220; dru\u017estvo p\u0159ebor Moravskoslezsk\u00e9ho kraje<\/strong><\/span><\/p>\n<p>&nbsp;<\/p>\n<p><img loading=\"lazy\" decoding=\"async\" class=\"aligncenter\" title=\"\" src=\"http:\/\/www.banik-havirov.cz\/wp-content\/uploads\/2017\/01\/images8.jpg\" alt=\"\" width=\"259\" height=\"194\" \/><\/p>\n","protected":false},"excerpt":{"rendered":"<p>&#8222;A&#8220; dru\u017estvo na\u0161eho odd\u00edlu bude hr\u00e1t v sez\u00f3n\u011b 2018 &#8211; 2019 2. ligu &#8211; sk. &#8222;F&#8220; &#8222;B&#8220; dru\u017estvo p\u0159ebor Moravskoslezsk\u00e9ho kraje &nbsp;<\/p>\n","protected":false},"author":1,"featured_media":0,"parent":0,"menu_order":0,"comment_status":"closed","ping_status":"closed","template":"","meta":{"footnotes":""},"class_list":["post-227","page","type-page","status-publish","hentry"],"_links":{"self":[{"href":"http:\/\/www.banik-havirov.cz\/index.php?rest_route=\/wp\/v2\/pages\/227","targetHints":{"allow":["GET"]}}],"collection":[{"href":"http:\/\/www.banik-havirov.cz\/index.php?rest_route=\/wp\/v2\/pages"}],"about":[{"href":"http:\/\/www.banik-havirov.cz\/index.php?rest_route=\/wp\/v2\/types\/page"}],"author":[{"embeddable":true,"href":"http:\/\/www.banik-havirov.cz\/index.php?rest_route=\/wp\/v2\/users\/1"}],"replies":[{"embeddable":true,"href":"http:\/\/www.banik-havirov.cz\/index.php?rest_route=%2Fwp%2Fv2%2Fcomments&post=227"}],"version-history":[{"count":11,"href":"http:\/\/www.banik-havirov.cz\/index.php?rest_route=\/wp\/v2\/pages\/227\/revisions"}],"predecessor-version":[{"id":716,"href":"http:\/\/www.banik-havirov.cz\/index.php?rest_route=\/wp\/v2\/pages\/227\/revisions\/716"}],"wp:attachment":[{"href":"http:\/\/www.banik-havirov.cz\/index.php?rest_route=%2Fwp%2Fv2%2Fmedia&parent=227"}],"curies":[{"name":"wp","href":"https:\/\/api.w.org\/{rel}","templated":true}]}}